Suppose -p*d + 17*d - 343 = 0. List the prime factors of d.
7
What are the prime factors of 1190/51*18/21?
2, 5
Let y(o) = 887*o + 201. List the prime factors of y(2).
5, 79
Let a(i) = -i**3 + i**2 + i. Let y(l) = 3*l**3 - 3*l**2 - 3*l + 4. Let r(w) = 2*a(w) + y(w). What are the prime factors of r(4)?
2, 3
Let a(m) = 2*m**2 + 4*m + 9. Let h(f) = -f**3 - 2*f - 5. Let z be h(0). List the prime factors of a(z).
3, 13
Let m = 26 - 21. Suppose -5*x + m*y + 110 = 0, 2*x = x - 4*y + 7. Let d = x + 16. What are the prime factors of d?
5, 7
Suppose -x - 2*g + 1473 = 0, -3 = g - 0*g. List the prime factors of x.
3, 17, 29
Suppose 15 = 2*v + m - 61, 124 = 3*v - m. Let f = v + 124. List the prime factors of f.
2, 41
Suppose -4 = 3*q + a, 4*q + 4*a = -a - 20. Let w(y) = -2*y + 25. What are the prime factors of w(q)?
5
Let m(d) = -d**3 - 9*d + 1535. List the prime factors of m(0).
5, 307
Let z = 192 + -13. What are the prime factors of z?
179
Let v(x) = 3*x**3 + 2*x**2 - 2*x - 1. Let n be v(2). Let i = n + 6. What are the prime factors of i?
3, 11
Suppose 0 = 5*c - 4*b + 54, 5*c - 2*b + 72 = 20. What are the prime factors of -1*(c/(-5) - 77)?
3, 5
Let a = 342 + 273. What are the prime factors of a?
3, 5, 41
Let d = -16 + 363. List the prime factors of d.
347
Let a = 41 - -113. Suppose -5*d = l - a, -2*d - 10 - 469 = -3*l. List the prime factors of l.
3, 53
Let p = 30 - 62. Let b = 13 - p. List the prime factors of b.
3, 5
Suppose -23*t - 22900 = -48*t. List the prime factors of t.
2, 229
Suppose 9*r = 644 + 166. What are the prime factors of r?
2, 3, 5
Let y be 1/(-2) + 111/6. Let d = 0 + y. Let v = -13 + d. List the prime factors of v.
5
Let g be (-2)/1*-2 + -1. Suppose 4*d = -g + 47. List the prime factors of d.
11
Let h(l) = l**3 + 9*l**2 - l - 5. Let f be h(-9). Let y be 686/10 + f/10. Let p = -30 + y. List the prime factors of p.
3, 13
Let z(j) = 35*j + 265. What are the prime factors of z(7)?
2, 3, 5, 17
Let g(b) = 2*b - 24. Let t be g(11). List the prime factors of -3 + 6 + (83*t)/(-2).
2, 43
Let f(r) = 10*r**2 - 1. Let d be f(-1). Let b(a) = d + 3*a**2 - 35*a + 2*a**2 + 26*a - 4*a**2. List the prime factors of b(10).
19
Let g(f) = 2*f**2 - 20*f + 6. Let z be g(10). Suppose -10*i + 36 = -z*i. Suppose 8*m + 41 = i*m. What are the prime factors of m?
41
Suppose 102*h - 96*h - 4890 = 0. List the prime factors of h.
5, 163
Suppose 3*z - 5*i - 5714 = 0, -z + 2709 = 5*i + 771. List the prime factors of z.
1913
Let c = 522 + -342. Suppose -q = 4*q + c. List the prime factors of (-1 - 0)/(2/q).
2, 3
Let l be 0 + (-3)/((-21)/(-287)). Suppose -3*i + 66 = -4*u - 16, -2*u - 46 = i. Let h = u - l. What are the prime factors of h?
19
Let u(x) = x**2 + 15*x + 18. Let k be u(-14). What are the prime factors of k*3*(1 + 186/18)?
2, 17
Let w(o) = 5*o**2 + 445. What are the prime factors of w(0)?
5, 89
Let h(r) = r**2 + 26*r - 62. Let y(v) = v**2 - 32. Let t be y(0). What are the prime factors of h(t)?
2, 5, 13
List the prime factors of (-2)/(-6) - (-187320)/126.
1487
Suppose d + 3*q - 35 = 0, -70 = -4*d - q + 3*q. Suppose 4*p - 55 - 100 = -h, p - d = -4*h. List the prime factors of p.
2, 5
Suppose 54712 = 30*k - 2*k. What are the prime factors of k?
2, 977
List the prime factors of (-1)/4 + (11 - 6468/(-16)).
5, 83
Let d = 1097 - 663. What are the prime factors of d?
2, 7, 31
Let y(f) = f**3 + 20*f**2 - 13*f + 10. Let o be (-20)/((-3)/12*-4). What are the prime factors of y(o)?
2, 3, 5
Let i be (-6)/9 + 236/12. Let u = i - 10. Suppose 2*g = -5*t + 15, -g - 3*t + u = -2*t. What are the prime factors of g?
2, 5
Let w(x) be the first derivative of 3*x**7/280 + x**5/120 - 5*x**3/3 - 5. Let n(v) be the third derivative of w(v). What are the prime factors of n(1)?
2, 5
Let g(o) be the second derivative of o**5/60 + 5*o**4/24 - o**3/6 - o**2 + 4*o. Let k(z) be the first derivative of g(z). List the prime factors of k(-8).
23
Let t be 49*1 + -21 + 20. Suppose -t = -4*w + 4*g + 12, -w = 3*g + 5. What are the prime factors of w?
2, 5
Suppose 4*t + t = 10. Suppose -t*w = 2*w - 140. List the prime factors of w - (5 + -2)*1.
2
Let x(v) = 5*v + 89. Let h be x(0). Let o = h - -3. What are the prime factors of o?
2, 23
Suppose -33*k + 676 = -31*k. List the prime factors of k.
2, 13
Let k(i) = -2*i**3 - 12*i**2 - 30*i - 10. List the prime factors of k(-7).
2, 149
Let g = -9 + -11. Let m = 80 + g. List the prime factors of m.
2, 3, 5
Suppose -j + w + 10 = 0, 2*w + 28 + 13 = 5*j. Let s(v) = -2*v + 4. Let p be s(-2). Suppose -j*o = -p*o + 14. What are the prime factors of o?
2, 7
Let b = 5 - -50. Suppose 0*k + 3*k = -x + 17, -5*k + b = 5*x. What are the prime factors of x?
2
Let t(v) = 18*v - 72. Let o be t(14). Suppose -88 = -0*j - 2*j + 3*u, 2*j - 104 = -u. Suppose 5*x - o = j. List the prime factors of x.
2, 23
Suppose 0 = 3*s + 2*n - 3402, 9*n = 5*n. What are the prime factors of s?
2, 3, 7
Suppose 1625 = 389*l - 384*l. List the prime factors of l.
5, 13
Suppose 0*t - 265 = -4*h - 3*t, 2*h - 2*t = 136. Suppose 4*j + 121 + h = 4*b, 218 = 4*b + 2*j. What are the prime factors of b?
2, 13
Let o(w) = -w**3 + 4*w**2 - 2*w + 8. Let b be o(4). Suppose d - 2*u - 78 = -3*d, b = -3*d - 4*u + 53. List the prime factors of d.
19
Let a = 154 - -68. Suppose 0 = -3*r + 7*r - 96. What are the prime factors of (-1)/4 + a/r?
3
Let j = 3669 + 236. What are the prime factors of j?
5, 11, 71
Let r(g) = -2*g - 16. Let z be r(-11). Suppose 2*m - z*m = 4*t + 12, -5*m = 20. Suppose -3*l + t + 8 = 0. List the prime factors of l.
3
Let l(u) = 10*u**3 + 10*u**2 - 8*u + 32. What are the prime factors of l(5)?
2, 373
List the prime factors of 18/(-351)*3 - 22572/(-26).
2, 7, 31
Let y = 2918 - 1343. List the prime factors of y.
3, 5, 7
Let x(l) = -13*l**3 + 2*l**2 + 2*l. Let z be x(-1). Suppose 0 = 2*a - 2*o - 40, z = -4*o + 5. What are the prime factors of a?
2, 3
Let c = 36 + -37. List the prime factors of c/(-6) + 1100/24.
2, 23
Suppose 3*d = -6, 0 = -2*z + 4*z - d + 6. List the prime factors of (4/2)/(z/(-122)).
61
Let v = 458 - -253. List the prime factors of v.
3, 79
Let t = -931 + 2034. List the prime factors of t.
1103
List the prime factors of (35/140)/(1/7364).
7, 263
Suppose 97*i + 520 = 101*i. Suppose 0 = -2*k + i + 302. What are the prime factors of k?
2, 3
Suppose 5*t - 9*z = -4*z - 180, -2*t + 3*z - 70 = 0. Let i = 86 - t. List the prime factors of i.
2, 31
Let b(i) = 37*i + 187. List the prime factors of b(17).
2, 3, 17
Suppose -5*l + 15 = -10. Suppose -4*a - 460 = -l*c, 2*c + a - 347 = -2*c. List the prime factors of c.
2, 11
Suppose -15*p - 25 = -20*p. Suppose l - 3 = w, -p*l + w + 8 = -3. Suppose 0*a - l*a = -52. List the prime factors of a.
2, 13
Let o(q) = q**3 + 11*q**2 + 11*q + 13. Let r be o(-10). Let x = 4 + -2. Suppose r*s + 2*u = 74, x*s - 50 = -4*u - 14. List the prime factors of s.
2, 7
Let d(i) = 2*i**2 - 59*i + 82. What are the prime factors of d(37)?
7, 13
Let w(g) = 33*g**2 - 1. Let n be w(2). Suppose -2*t + 55 = -n. Suppose 5*u + 4 - t = -3*i, 2*i - 6 = 0. What are the prime factors of u?
2
Let j be 2/3 + 544/48. Let d(f) = 7*f + 4. List the prime factors of d(j).
2, 11
Suppose 0 = -6*c + c - 5. What are the prime factors of -2 + c + 6 + 57?
2, 3, 5
Suppose -6*q = -8*q - 2*r + 1010, 2*q - 4*r - 1028 = 0. List the prime factors of q.
2, 127
Suppose 0 = 5*g + 24 - 9. Let t be g/(-4) - 75/(-12). Let w = 29 + t. List the prime factors of w.
2, 3
Let x = 2513 + 485. What are the prime factors of x?
2, 1499
Let k = -72 - -171. Let w = k + -12. What are the prime factors of w?
3, 29
Suppose -4*s = -s - 30. Let x be (s + -30)*5/4. Let z = x + 43. What are the prime factors of z?
2, 3
Suppose -3*i = -177 - 78. Let s = 186 - i. What are the prime factors of s?
101
Suppose 5*z = 11 + 4. Suppose 18 = 5*y + z*t - 6, 2*t = -2*y + 8. What are the prime factors of y?
2, 3
Let h(u) = 3*u + 12. Let c be h(4). Suppose 2*z + 0*z = c. Suppose 2*l - z = -x, x - 16 = -3*x. What are the prime factors of l?
2
Let b(n) = -26*n**3 - n**2 - 3*n - 1. Let v be b(-1). List the prime factors of (v/18)/(6/844).
211
Suppose -38*h = -33*h - 4*g - 12224, -4*g = 2*h - 4912. What are the prime factors of h?
2, 3, 17
Let n(o) = -2*o**2 + 1 + 2 + 5*o + 1. Let i be n(6). Let q = i + 70. List the prime factors of q.
